0
Convert 460601 (base 7) to base 13.
2b3a3
4ac56 (base 13) to base 16
21c49
Convert -d7e8dc (base 15) to base 9.
-21301310
4524763 (base 9) to base 16
253227
1124765 (base 8) to base 15
6086d
What is 11202011222 (base 3) in base 7?
536303
What is 101110010010011111111010 (base 2) in base 16?
b927fa
4115070 (base 8) to base 10
1088056
Convert -1e7e63 (base 15) to base 14.
-2acb73
Convert -11767c (base 13) to base 14.
-aba34
Convert -385e5 (base 16) to base 3.
-102201201022
30839 (base 14) to base 13
4126a
Convert 145311 (base 6) to base 11.
a6a9
Convert 1113001211 (base 4) to base 5.
42401303
9595b (base 15) to base 9
803035
Convert 1001110000001100000 (base 2) to base 15.
64a59
What is 3a675a (base 11) in base 15?
c9291
Convert -10100021020 (base 3) to base 10.
-65805
What is 100111100111100100 (base 2) in base 5?
20143101
Convert 10230122 (base 5) to base 8.
250417
-10200120011 (base 4) to base 13
-324839
Convert 631a87 (base 16) to base 2.
11000110001101010000111
What is 41441312 (base 5) in base 10?
343332
What is -3997b4 (base 13) in base 3?
-2121201111201
1222011202201 (base 3) to base 4
3333202102
Convert 1231301110 (base 4) to base 7.
3551563
Convert -10cc28 (base 13) to base 5.
-100242334
-20656 (base 10) to base 8
-50260
-10200112012 (base 3) to base 15
-1676e
Convert -2012301312 (base 4) to base 6.
-15455450
Convert c14a1a (base 13) to base 6.
240200122
Convert -57141b (base 14) to base 5.
-1224232320
-5555503 (base 9) to base 3
-12121212120010
Convert -c91cc (base 13) to base 14.
-96334
Convert -311112003 (base 4) to base 5.
-23442444
121660 (base 8) to base 3
2010111000
Convert 24101400 (base 5) to base 11.
14195a
What is 101213002022 (base 4) in base 10?
4616330
-101000110111000000110110 (base 2) to base 4
-220313000312
Convert 113610316 (base 7) to base 13.
15c8677
-7115746 (base 8) to base 15
-2707e8
Convert -1202121012220 (base 3) to base 5.
-214440144
What is 15547151 (base 8) in base 5?
1404414120
-12002220211 (base 3) to base 11
-695a3
Convert -2b07a6 (base 14) to base 3.
-2211012021000
Convert -121120000021222 (base 3) to base 6.
-512325512
Convert 10011000111100001000 (base 2) to base 11.
398721
What is 11675 (base 14) in base 10?
42439
Convert 26216452 (base 7) to base 11.
1393677
Convert 904384 (base 10) to base 14.
19782c
-112202210012 (base 3) to base 4
-1012332122
Convert -143055 (base 7) to base 14.
-a02c
Convert 8282227 (base 9) to base 11.
25516aa
Convert -373376 (base 9) to base 15.
-46c83
Convert -371c46 (base 13) to base 6.
-44130133
Convert -2306512 (base 8) to base 9.
-1153628
What is -3245155 (base 6) in base 13?
-58895
What is -660554 (base 9) in base 8?
-1401602
What is -20460545 (base 7) in base 3?
-10020211201222
Convert 2121000210 (base 3) to base 12.
25663
Convert -3ba4a (base 13) to base 15.
-23102
Convert 2510435 (base 6) to base 15.
29905
What is -10001111111110101 (base 2) in base 9?
-122107
Convert 142317 (base 8) to base 11.
34943
1837192 (base 14) to base 8
55514674
Convert -1012223033 (base 5) to base 14.
-3bc733
2103033301 (base 4) to base 2
10010011001111110001
What is -1066672 (base 8) in base 10?
-290234
Convert -11020230031 (base 4) to base 2.
-101001000101100001101
2513136 (base 10) to base 7
30234633
-4430123041 (base 5) to base 9
-20073114
Convert -1488592 (base 11) to base 13.
-6b1094
Convert 36904 (base 15) to base 8.
524112
-a98288 (base 11) to base 10
-1753265
What is -2428a (base 14) in base 6?
-1520522
What is -765173 (base 8) in base 14?
-69751
Convert 11010110000100010001 (base 2) to base 13.
249136
Convert -4575671 (base 8) to base 9.
-2305511
-5355044 (base 6) to base 14
-6c3d2
2204313000 (base 5) to base 13
ca89b9
What is -32101103231 (base 4) in base 14?
-6d543b
Convert 441014230 (base 5) to base 6.
104314223
What is 104a036 (base 11) in base 3?
10110122202211
What is -537148 (base 12) in base 14?
-2647c4
What is -787996 (base 10) in base 15?
-108731
625005 (base 13) to base 8
10604076
Convert -481c4 (base 16) to base 3.
-120000011102
5367764 (base 8) to base 15
1d5ea9
Convert 453412 (base 10) to base 7.
3565621
What is 12535 (base 6) in base 5?
30211
What is 3311703 (base 9) in base 10?
1779330
What is 11161815 (base 9) in base 10?
5414216
404220141 (base 5) to base 9
3057380
-234240401 (base 5) to base 9
-2036041
1101001001101011011010 (base 2) to base 16
349ada
What is -5870114 (base 10) in base 15?
-7ae45e
Convert 1081007 (base 10) to base 14.
201d4b
Convert -89668a (base 11) to base 16.
-15cdfb
Convert 45512 (base 11) to base 16.
1012d
Convert 3020021212 (base 4) to base 3.
1112122120111
2201487 (base 12) to base 6
350415051
What is 645055 (base 7) in base 9?
180817
-31030211002 (base 4) to base 3
-20111202101201
Convert 11110011101 (base 4) to base 14.
283905
-6504 (base 12) to base 14
-4084
154b30 (base 15) to base 4
3323012220
Convert -234051 (base 13) to base 10.
-837123
Convert 678916 (base 16) to base 14.
c88ac6
What is -1214323344 (base 5) in base 12?
-b72243
7169 (base 10) to base 12
4195
What is 23b09 (base 16) in base 3?
21102112021
What is -34203122 (base 5) in base 6?
-10301133
Convert 10110000111011010101 (base 2) to base 9.
1324074
What is -101110110000001111011 (base 2) in base 13?
-418433
18898a (base 14) to base 4
3110021332
What is -1018384 (base 9) in base 2?
-10000100110110011001
What is -330310303 (base 4) in base 8?
-746463
Convert -5322211 (base 6) to base 14.
-6a90b
Convert -717574 (base 9) to base 13.
-11b882
Convert 6083940 (base 10) to base 16.
5cd564
What is 11111100000100110011 (base 2) in base 10?
1032499
What is 4c8d06 (base 14) in base 10?
2636794
Convert -222111332 (base 4) to base 5.
-21022223
Convert 29a6500 (base 11) to base 15.
6ba322
Convert 1002443 (base 10) to base 6.
33252535
What is 2124102132 (base 5) in base 16?
44f482
Convert d567 (base 15) to base 8.
130051
Convert -122112030002 (base 4) to base 3.
-110222220002222
-3a23 (base 12) to base 11
-4aa7
Convert -36544 (base 11) to base 2.
-1100110101010010
What is -11a63a (base 13) in base 11?
-2697a3
11022012112222 (base 3) to base 11
1322513
29076 (base 13) to base 12
38680
220120211020002 (base 3) to base 8
61657457
What is -1320002300 (base 4) in base 2?
-1111000000010110000
What is -11011001111110000 (base 2) in base 11?
-76935
-110110202 (base 3) to base 14
-3456
Convert -10244223 (base 5) to base 13.
-30a50
Convert -1101110100001110 (base 2) to base 12.
-288ba
What is 1213 (base 15) in base 9?
5240
-13644 (base 8) to base 5
-143202
-313317 (base 10) to base 16
-4c7e5
What is 207405 (base 8) in base 7?
406164
Convert -550552025 (base 6) to base 5.
-10004443234
What is 26a5 (base 11) in base 3?
11210202
Convert 113300002 (base 4) to base 2.
10111110000000010
What is 1128394 (base 11) in base 5?
1001114013
Convert 12c04 (base 14) to base 9.
70410
What is 1686661 (base 10) in base 11?
a52239
Convert 20a3ba (base 14) to base 11.
694371
157946 (base 10) to base 11
a8738
What is -1019730 (base 11) in base 8?
-6671625
181037 (base 9) to base 2
11011011010101100
Convert -2304000 (base 5) to base 2.
-1010000010100101
What is 1054022 (base 6) in base 16?
d2fe
Convert 424c47 (base 16) to base 9.
8152070
Convert -432152 (base 9) to base 11.
-16648a
What is -7754474 (base 8) in base 15?
-2b3688
Convert 209755 (base 11) to base 15.
693c8
132683 (base 11) to base 10
208453
What is -2200210102121 (base 3) in base 11?
-899534
636372 (base 9) to base 2
1011100011100100011
What is -2ab262 (base 12) in base 7?
-6104636
Convert 1001002220222 (base 3) to base 11.
348740
10000110110110010001 (base 2) to base 15
ad9c7
-14205161 (base 7) to base 11
-828a11
Convert 110111001011011110100 (base 2) to base 9.
3355237
Convert -23440a1 (base 11) to base 4.
-33212212202
What is -1170715 (base 8) in base 11?
-201507
What is -8257 (base 9) in base 8?
-13636
What is -c41 (base 16) in base 10?
-3137
Convert 2b1a080 (base 13) to base 8.
64462474
What is -25dc (base 14) in base 11?
-5007
-3b7ed (base 16) to base 13
-86bc8
Convert 171326 (base 9) to base 5.
11342342
72505c (base 13) to base 5
1140322420
Convert -9c5c39 (base 13) to base 7.
-43266452
Convert -20413574 (base 8) to base 7.
-51546645
Convert d7093 (base 14) to base 16.
7ea59
Convert -10011445 (base 6) to base 2.
-1000100110000010101
What is -663